{"id":246,"date":"2025-08-05T22:27:33","date_gmt":"2025-08-05T22:27:33","guid":{"rendered":"https:\/\/destino-maktub.net\/Radio\/?page_id=246"},"modified":"2025-08-13T23:48:17","modified_gmt":"2025-08-13T23:48:17","slug":"nuestra-historia","status":"publish","type":"page","link":"https:\/\/destino-maktub.net\/Radio\/canal-2\/nuestra-historia\/","title":{"rendered":"Historia de Radio Maktub NJ"},"content":{"rendered":"<p><img loading=\"lazy\" decoding=\"async\" class=\"alignnone size-medium wp-image-219 aligncenter\" src=\"https:\/\/destino-maktub.net\/Radio\/wp-content\/uploads\/2025\/08\/Canal-1-RM-300x66.png\" alt=\"\" width=\"300\" height=\"66\" srcset=\"https:\/\/destino-maktub.net\/Radio\/wp-content\/uploads\/2025\/08\/Canal-1-RM-300x66.png 300w, https:\/\/destino-maktub.net\/Radio\/wp-content\/uploads\/2025\/08\/Canal-1-RM.png 550w\" sizes=\"auto, (max-width: 300px) 100vw, 300px\" \/><\/p>\n<p><img loading=\"lazy\" decoding=\"async\" class=\"alignnone size-medium wp-image-247 aligncenter\" src=\"https:\/\/destino-maktub.net\/Radio\/wp-content\/uploads\/2025\/08\/GRANDE-NUEVO-RADIO-MAKTUB-NJ-2022-300x214.jpg\" alt=\"\" width=\"300\" height=\"214\" srcset=\"https:\/\/destino-maktub.net\/Radio\/wp-content\/uploads\/2025\/08\/GRANDE-NUEVO-RADIO-MAKTUB-NJ-2022-300x214.jpg 300w, https:\/\/destino-maktub.net\/Radio\/wp-content\/uploads\/2025\/08\/GRANDE-NUEVO-RADIO-MAKTUB-NJ-2022-768x547.jpg 768w, https:\/\/destino-maktub.net\/Radio\/wp-content\/uploads\/2025\/08\/GRANDE-NUEVO-RADIO-MAKTUB-NJ-2022.jpg 1000w\" sizes=\"auto, (max-width: 300px) 100vw, 300px\" \/><script>\n\t\t\tvar orbq_w = orbq_w || { lang: \"es-es\" };\n\t\t\torbq_w.cmd = orbq_w.cmd || [];\norbq_w.host = \"https:\/\/citatis.com\";\n\t\t\torbq_w.cmd.push(function() {<span style=\"display: inline-block; width: 0px; overflow: hidden; line-height: 0;\" data-mce-type=\"bookmark\" class=\"mce_SELRES_end\">\ufeff<\/span>\n\t\t\t\torbq_w.init(\"orb_q_780e398707aed602\");\n\t\t\t});\n\t\t\tvar s, t; s = document.createElement('script'); s.type = 'text\/javascript';\ns.src = \"\/\/ecdn.onlineradiobox.com\/js\/qwidget.min.js\";\n\t\t\tt = document.getElementsByTagName('script')[0]; t.parentNode.insertBefore(s, t);\n\t\t<\/script><\/p>\n<p><!--OnlineRadioBox quote widget--><\/p>\n<p>&nbsp;<\/p>\n<div id=\"content-vw\">\n<h1 class=\"vw-page-title\">\u00ae\ufe0f\u00bfQui\u00e9nes Somos? \u2122\ufe0f<\/h1>\n<p><em>\u00bfQu\u00e9 es Radio Maktub NJ? y \u00bfQuienes somos?<\/em><\/p>\n<hr \/>\n<p style=\"text-align: justify;\"><em>Radio Maktub N&amp;J, es una emisora on line (en l\u00ednea) 24 h. <\/em><\/p>\n<p style=\"text-align: justify;\"><em>Despu\u00e9s de varios a\u00f1os de luchas, llenamos espacios a todas las personas que disfrutan en la red, de nuestros programas y m\u00fasica.<\/em><\/p>\n<p style=\"text-align: justify;\"><em>Es una emisora, altruista y sin \u00e1nimo de lucro, donde la colaboraci\u00f3n de todos es primordial, para enriquecer toda la programaci\u00f3n, variada y tem\u00e1tica, con plena libertad de expresi\u00f3n, dentro de un contexto basado en el respeto, con argumentaciones que no se manejan, con la imposici\u00f3n y el insulto.<\/em><\/p>\n<p style=\"text-align: justify;\"><em> Pensamos que un debate es una exposici\u00f3n de opiniones, no una exigencia de las mismas. Tenemos conexiones en Directo, a variados horarios y si no est\u00e1n en nuestra programaci\u00f3n, informamos por medio de las Redes Sociales: \u201c<strong>Facebook<\/strong>, <strong>Twitter<\/strong>, <strong>Instagram, etc\u2026<\/strong> Y nuestra <strong>Web Oficial<\/strong>\u201d, cuando se van a emitir.<\/em><\/p>\n<p style=\"text-align: justify;\"><em>En nuestra secci\u00f3n \u201cLa Tertulia\u201d, tambi\u00e9n la extendemos a otras Radio y Emisoras lejos de nuestras fronteras como: M\u00e9xico, Argentina, Nueva York, etc. y todos los que quieran colaborar. Hemos ampliado espacios para redifusiones, esas mismas emisoras con alguno de sus programas.<\/em><\/p>\n<p style=\"text-align: justify;\"><em>Las Tertulias ser\u00e1n en Directo y en ellas vuestra participaci\u00f3n es importante, podr\u00e9is formar parte de ellas.<\/em><\/p>\n<p style=\"text-align: justify;\"><em>En nuestra programaci\u00f3n que vamos variando, encontrar\u00e9is todo tipo de secciones muy interesantes, la diversidad es uno de los condimentos m\u00e1s habituales. No somos de un solo color., sino de muchos un gran abanico multicultural. <\/em><\/p>\n<p style=\"text-align: justify;\"><em>Pero mejor\u2026 conocernos y vosotros mismos tendr\u00e9is una opini\u00f3n personal de Radio Maktub N&amp;J. Nuestra gratitud a todas las personas que en un momento u otro han sido part\u00edcipes y creadores de programas a lo largo de estos a\u00f1os. <\/em><\/p>\n<p style=\"text-align: justify;\"><em>Unos van otros vienen y queremos darle las Gracias por haber formado parte de esta Familia radiof\u00f3nica. Tambi\u00e9n nuestro agradecimiento, a esos colaboradores que nos han brindado el permiso de emitir sus programas, ya que gracias a ellos podemos ofrecer magn\u00edficos temas variados. <\/em><\/p>\n<p style=\"text-align: justify;\"><em>Seguiremos en nuestra lucha con todas las vicisitudes que se nos presenten para llevar a cabo esta Radio, la cual os invitamos, con todo nuestro cari\u00f1o. Gracias por estar ah\u00ed. \u201cMejor Compartir que Competir: Nuestro Eslogan \u201cNi mejores ni peores\u2026 simplemente diferentes\u00bb.<\/em><\/p>\n<p style=\"text-align: justify;\"><em> Esperamos que podamos llenar vuestras expectativas. Bienvenidos y un saludo Cordial.<\/em><\/p>\n<p style=\"text-align: justify;\"><em>Staff de Maktub.<\/em><\/p>\n<p><em>Nuria &amp; Juli\u00e1n<\/em><\/p>\n<\/div>\n<div id=\"comp-irbaxzgj\" class=\"htco1\" data-state=\"hasContent\" data-reactid=\".0.$SITE_ROOT.$desktop_siteRoot.$PAGES_CONTAINER.$centeredContent.$inlineContent.$SITE_PAGES.$c1gro_DESKTOP.$inlineContent.$igsaiddg.$inlineContent.$comp-irbaxzgj\">\n<div id=\"comp-irbaxzgjiFrameHolder\" class=\"htco1iFrameHolder\" data-reactid=\".0.$SITE_ROOT.$desktop_siteRoot.$PAGES_CONTAINER.$centeredContent.$inlineContent.$SITE_PAGES.$c1gro_DESKTOP.$inlineContent.$igsaiddg.$inlineContent.$comp-irbaxzgj.$iFrameHolder\"><img loading=\"lazy\" decoding=\"async\" id=\"i1vm8be6imgimage\" class=\"\" src=\"https:\/\/static.wixstatic.com\/media\/fe793f_298bda167f514aac8e02c7b039f8819a.png\/v1\/fill\/w_177,h_150,al_c,usm_0.66_1.00_0.01\/fe793f_298bda167f514aac8e02c7b039f8819a.png\" alt=\"\" width=\"118\" height=\"100\" data-type=\"image\" data-reactid=\".0.$SITE_ROOT.$desktop_siteRoot.$PAGES_CONTAINER.$centeredContent.$inlineContent.$SITE_PAGES.$c1gro_DESKTOP.$inlineContent.$i1vm8be6.$link.0.$image\" \/><\/div>\n<\/div>\n<div data-reactid=\".0.$SITE_ROOT.$desktop_siteRoot.$PAGES_CONTAINER.$centeredContent.$inlineContent.$SITE_PAGES.$c1gro_DESKTOP.$inlineContent.$igsaiddg.$inlineContent.$comp-irbaxzgj.$iFrameHolder\"><img loading=\"lazy\" decoding=\"async\" class=\"alignnone wp-image-343\" src=\"https:\/\/destino-maktub.net\/Radio\/wp-content\/uploads\/2025\/08\/staff-Maktub-300x86.png\" alt=\"\" width=\"115\" height=\"33\" srcset=\"https:\/\/destino-maktub.net\/Radio\/wp-content\/uploads\/2025\/08\/staff-Maktub-300x86.png 300w, https:\/\/destino-maktub.net\/Radio\/wp-content\/uploads\/2025\/08\/staff-Maktub.png 415w\" sizes=\"auto, (max-width: 115px) 100vw, 115px\" \/><\/div>\n<div class=\"pvc_clear\"><\/div>\n<p id=\"pvc_stats_246\" class=\"pvc_stats all  \" data-element-id=\"246\" style=\"\"><i class=\"pvc-stats-icon small\" aria-hidden=\"true\"><svg xmlns=\"http:\/\/www.w3.org\/2000\/svg\" version=\"1.0\" viewBox=\"0 0 502 315\" preserveAspectRatio=\"xMidYMid meet\"><g transform=\"translate(0,332) scale(0.1,-0.1)\" fill=\"\" stroke=\"none\"><path d=\"M2394 3279 l-29 -30 -3 -207 c-2 -182 0 -211 15 -242 39 -76 157 -76 196 0 15 31 17 60 15 243 l-3 209 -33 29 c-26 23 -41 29 -80 29 -41 0 -53 -5 -78 -31z\"\/><path d=\"M3085 3251 c-45 -19 -58 -50 -96 -229 -47 -217 -49 -260 -13 -295 52 -53 146 -42 177 20 16 31 87 366 87 410 0 70 -86 122 -155 94z\"\/><path d=\"M1751 3234 c-13 -9 -29 -31 -37 -50 -12 -29 -10 -49 21 -204 19 -94 39 -189 45 -210 14 -50 54 -80 110 -80 34 0 48 6 76 34 21 21 34 44 34 59 0 14 -18 113 -40 219 -37 178 -43 195 -70 221 -36 32 -101 37 -139 11z\"\/><path d=\"M1163 3073 c-36 -7 -73 -59 -73 -102 0 -56 133 -378 171 -413 34 -32 83 -37 129 -13 70 36 67 87 -16 290 -86 209 -89 214 -129 231 -35 14 -42 15 -82 7z\"\/><path d=\"M3689 3066 c-15 -9 -33 -30 -42 -48 -48 -103 -147 -355 -147 -375 0 -98 131 -148 192 -74 13 15 57 108 97 206 80 196 84 226 37 273 -30 30 -99 39 -137 18z\"\/><path d=\"M583 2784 c-38 -19 -67 -74 -58 -113 9 -42 211 -354 242 -373 16 -10 45 -18 66 -18 51 0 107 52 107 100 0 39 -1 41 -124 234 -80 126 -108 162 -133 173 -41 17 -61 16 -100 -3z\"\/><path d=\"M4250 2784 c-14 -9 -74 -91 -133 -183 -95 -150 -107 -173 -107 -213 0 -55 33 -94 87 -104 67 -13 90 8 211 198 130 202 137 225 78 284 -27 27 -42 34 -72 34 -22 0 -50 -8 -64 -16z\"\/><path d=\"M2275 2693 c-553 -48 -1095 -270 -1585 -649 -135 -104 -459 -423 -483 -476 -23 -49 -22 -139 2 -186 73 -142 361 -457 571 -626 285 -228 642 -407 990 -497 242 -63 336 -73 660 -74 310 0 370 5 595 52 535 111 1045 392 1455 803 122 121 250 273 275 326 19 41 19 137 0 174 -41 79 -309 363 -465 492 -447 370 -946 591 -1479 653 -113 14 -422 18 -536 8z m395 -428 c171 -34 330 -124 456 -258 112 -119 167 -219 211 -378 27 -96 24 -300 -5 -401 -72 -255 -236 -447 -474 -557 -132 -62 -201 -76 -368 -76 -167 0 -236 14 -368 76 -213 98 -373 271 -451 485 -162 444 86 934 547 1084 153 49 292 57 452 25z m909 -232 c222 -123 408 -262 593 -441 76 -74 138 -139 138 -144 0 -16 -233 -242 -330 -319 -155 -123 -309 -223 -461 -299 l-81 -41 32 46 c18 26 49 83 70 128 143 306 141 649 -6 957 -25 52 -61 116 -79 142 l-34 47 45 -20 c26 -10 76 -36 113 -56z m-2057 25 c-40 -58 -105 -190 -130 -263 -110 -324 -59 -707 132 -981 25 -35 42 -64 37 -64 -19 0 -241 119 -326 174 -188 122 -406 314 -532 468 l-58 71 108 103 c185 178 428 349 672 473 66 33 121 60 123 61 2 0 -10 -19 -26 -42z\"\/><path d=\"M2375 1950 c-198 -44 -350 -190 -395 -379 -18 -76 -8 -221 19 -290 114 -284 457 -406 731 -260 98 52 188 154 231 260 27 69 37 214 19 290 -38 163 -166 304 -326 360 -67 23 -215 33 -279 19z\"\/><\/g><\/svg><\/i> <img loading=\"lazy\" decoding=\"async\" width=\"16\" height=\"16\" alt=\"Loading\" src=\"https:\/\/destino-maktub.net\/Radio\/wp-content\/plugins\/page-views-count\/ajax-loader-2x.gif\" border=0 \/><\/p>\n<div class=\"pvc_clear\"><\/div>\n","protected":false},"excerpt":{"rendered":"<p>&nbsp; \u00ae\ufe0f\u00bfQui\u00e9nes Somos? \u2122\ufe0f \u00bfQu\u00e9 es Radio Maktub NJ? y \u00bfQuienes somos? Radio Maktub N&amp;J, es una emisora on line (en l\u00ednea) 24 h. Despu\u00e9s de varios a\u00f1os de luchas, llenamos espacios a todas las personas que disfrutan en la red, de nuestros programas y m\u00fasica. Es una emisora, altruista y sin \u00e1nimo de lucro, [&hellip;]<\/p>\n<div class=\"pvc_clear\"><\/div>\n<p id=\"pvc_stats_246\" class=\"pvc_stats all  \" data-element-id=\"246\" style=\"\"><i class=\"pvc-stats-icon small\" aria-hidden=\"true\"><svg xmlns=\"http:\/\/www.w3.org\/2000\/svg\" version=\"1.0\" viewBox=\"0 0 502 315\" preserveAspectRatio=\"xMidYMid meet\"><g transform=\"translate(0,332) scale(0.1,-0.1)\" fill=\"\" stroke=\"none\"><path d=\"M2394 3279 l-29 -30 -3 -207 c-2 -182 0 -211 15 -242 39 -76 157 -76 196 0 15 31 17 60 15 243 l-3 209 -33 29 c-26 23 -41 29 -80 29 -41 0 -53 -5 -78 -31z\"\/><path d=\"M3085 3251 c-45 -19 -58 -50 -96 -229 -47 -217 -49 -260 -13 -295 52 -53 146 -42 177 20 16 31 87 366 87 410 0 70 -86 122 -155 94z\"\/><path d=\"M1751 3234 c-13 -9 -29 -31 -37 -50 -12 -29 -10 -49 21 -204 19 -94 39 -189 45 -210 14 -50 54 -80 110 -80 34 0 48 6 76 34 21 21 34 44 34 59 0 14 -18 113 -40 219 -37 178 -43 195 -70 221 -36 32 -101 37 -139 11z\"\/><path d=\"M1163 3073 c-36 -7 -73 -59 -73 -102 0 -56 133 -378 171 -413 34 -32 83 -37 129 -13 70 36 67 87 -16 290 -86 209 -89 214 -129 231 -35 14 -42 15 -82 7z\"\/><path d=\"M3689 3066 c-15 -9 -33 -30 -42 -48 -48 -103 -147 -355 -147 -375 0 -98 131 -148 192 -74 13 15 57 108 97 206 80 196 84 226 37 273 -30 30 -99 39 -137 18z\"\/><path d=\"M583 2784 c-38 -19 -67 -74 -58 -113 9 -42 211 -354 242 -373 16 -10 45 -18 66 -18 51 0 107 52 107 100 0 39 -1 41 -124 234 -80 126 -108 162 -133 173 -41 17 -61 16 -100 -3z\"\/><path d=\"M4250 2784 c-14 -9 -74 -91 -133 -183 -95 -150 -107 -173 -107 -213 0 -55 33 -94 87 -104 67 -13 90 8 211 198 130 202 137 225 78 284 -27 27 -42 34 -72 34 -22 0 -50 -8 -64 -16z\"\/><path d=\"M2275 2693 c-553 -48 -1095 -270 -1585 -649 -135 -104 -459 -423 -483 -476 -23 -49 -22 -139 2 -186 73 -142 361 -457 571 -626 285 -228 642 -407 990 -497 242 -63 336 -73 660 -74 310 0 370 5 595 52 535 111 1045 392 1455 803 122 121 250 273 275 326 19 41 19 137 0 174 -41 79 -309 363 -465 492 -447 370 -946 591 -1479 653 -113 14 -422 18 -536 8z m395 -428 c171 -34 330 -124 456 -258 112 -119 167 -219 211 -378 27 -96 24 -300 -5 -401 -72 -255 -236 -447 -474 -557 -132 -62 -201 -76 -368 -76 -167 0 -236 14 -368 76 -213 98 -373 271 -451 485 -162 444 86 934 547 1084 153 49 292 57 452 25z m909 -232 c222 -123 408 -262 593 -441 76 -74 138 -139 138 -144 0 -16 -233 -242 -330 -319 -155 -123 -309 -223 -461 -299 l-81 -41 32 46 c18 26 49 83 70 128 143 306 141 649 -6 957 -25 52 -61 116 -79 142 l-34 47 45 -20 c26 -10 76 -36 113 -56z m-2057 25 c-40 -58 -105 -190 -130 -263 -110 -324 -59 -707 132 -981 25 -35 42 -64 37 -64 -19 0 -241 119 -326 174 -188 122 -406 314 -532 468 l-58 71 108 103 c185 178 428 349 672 473 66 33 121 60 123 61 2 0 -10 -19 -26 -42z\"\/><path d=\"M2375 1950 c-198 -44 -350 -190 -395 -379 -18 -76 -8 -221 19 -290 114 -284 457 -406 731 -260 98 52 188 154 231 260 27 69 37 214 19 290 -38 163 -166 304 -326 360 -67 23 -215 33 -279 19z\"\/><\/g><\/svg><\/i> <img loading=\"lazy\" decoding=\"async\" width=\"16\" height=\"16\" alt=\"Loading\" src=\"https:\/\/destino-maktub.net\/Radio\/wp-content\/plugins\/page-views-count\/ajax-loader-2x.gif\" border=0 \/><\/p>\n<div class=\"pvc_clear\"><\/div>\n","protected":false},"author":2,"featured_media":0,"parent":187,"menu_order":0,"comment_status":"closed","ping_status":"closed","template":"","meta":{"footnotes":""},"class_list":["post-246","page","type-page","status-publish","hentry"],"a3_pvc":{"activated":true,"total_views":30,"today_views":0},"_links":{"self":[{"href":"https:\/\/destino-maktub.net\/Radio\/wp-json\/wp\/v2\/pages\/246","targetHints":{"allow":["GET"]}}],"collection":[{"href":"https:\/\/destino-maktub.net\/Radio\/wp-json\/wp\/v2\/pages"}],"about":[{"href":"https:\/\/destino-maktub.net\/Radio\/wp-json\/wp\/v2\/types\/page"}],"author":[{"embeddable":true,"href":"https:\/\/destino-maktub.net\/Radio\/wp-json\/wp\/v2\/users\/2"}],"replies":[{"embeddable":true,"href":"https:\/\/destino-maktub.net\/Radio\/wp-json\/wp\/v2\/comments?post=246"}],"version-history":[{"count":9,"href":"https:\/\/destino-maktub.net\/Radio\/wp-json\/wp\/v2\/pages\/246\/revisions"}],"predecessor-version":[{"id":515,"href":"https:\/\/destino-maktub.net\/Radio\/wp-json\/wp\/v2\/pages\/246\/revisions\/515"}],"up":[{"embeddable":true,"href":"https:\/\/destino-maktub.net\/Radio\/wp-json\/wp\/v2\/pages\/187"}],"wp:attachment":[{"href":"https:\/\/destino-maktub.net\/Radio\/wp-json\/wp\/v2\/media?parent=246"}],"curies":[{"name":"wp","href":"https:\/\/api.w.org\/{rel}","templated":true}]}}