{"id":583,"date":"2025-08-25T21:29:17","date_gmt":"2025-08-25T21:29:17","guid":{"rendered":"https:\/\/destino-maktub.net\/Radio\/?page_id=583"},"modified":"2025-09-19T15:45:44","modified_gmt":"2025-09-19T15:45:44","slug":"%f0%9f%93%a3nuestra-mascota-dubby%f0%9f%8e%a7","status":"publish","type":"page","link":"https:\/\/destino-maktub.net\/Radio\/%f0%9f%93%a3nuestra-mascota-dubby%f0%9f%8e%a7\/","title":{"rendered":"\ud83d\udce3Nuestra Mascota \u00abDubby\u00bb\ud83c\udfa7"},"content":{"rendered":"<p><center><\/p>\n<div style=\"margin: 15px 0px 0px; display: inline-block; text-align: center;\">\n<div style=\"display: inline-block; padding: 2px 4px; margin: 0px 0px 5px; border: 1px solid #cccccc; background-color: #000000;\"><a style=\"text-decoration: none; font-size: 13px; color: #efce64;\" href=\"http:\/\/localtimes.info\/difference\">World Clock<\/a><\/div>\n<p><script type=\"text\/javascript\" src=\"http:\/\/localtimes.info\/world_clock2.php?&#038;cp1_Hex=efce64&#038;cp2_Hex=000000&#038;cp3_Hex=000000&#038;fwdt=88&#038;ham=1&#038;hbg=0&#038;hfg=0&#038;sid=1&#038;mon=1&#038;wek=0&#038;wkf=0&#038;sep=0&#038;widget_number=21000&#038;lcid=SPXX0015,USNJ0552,MXDF0132,UYXX0006,GMXX0087\"><\/script><\/center><\/p>\n<\/div>\n<p style=\"text-align: center;\"><img loading=\"lazy\" decoding=\"async\" class=\"aligncenter wp-image-780 size-medium\" title=\"Marca Registrada\" src=\"https:\/\/destino-maktub.net\/Radio\/wp-content\/uploads\/2025\/09\/1-DUBBY-DISCO-MASCOTA-D.R-300x283.png\" alt=\"\" width=\"300\" height=\"283\" srcset=\"https:\/\/destino-maktub.net\/Radio\/wp-content\/uploads\/2025\/09\/1-DUBBY-DISCO-MASCOTA-D.R-300x283.png 300w, https:\/\/destino-maktub.net\/Radio\/wp-content\/uploads\/2025\/09\/1-DUBBY-DISCO-MASCOTA-D.R-1024x965.png 1024w, https:\/\/destino-maktub.net\/Radio\/wp-content\/uploads\/2025\/09\/1-DUBBY-DISCO-MASCOTA-D.R-768x724.png 768w, https:\/\/destino-maktub.net\/Radio\/wp-content\/uploads\/2025\/09\/1-DUBBY-DISCO-MASCOTA-D.R.png 1082w\" sizes=\"auto, (max-width: 300px) 100vw, 300px\" \/> <img loading=\"lazy\" decoding=\"async\" class=\"wp-image-781 aligncenter\" src=\"https:\/\/destino-maktub.net\/Radio\/wp-content\/uploads\/2025\/09\/C-Marca-Reg-transpa-300x129.png\" alt=\"\" width=\"58\" height=\"25\" srcset=\"https:\/\/destino-maktub.net\/Radio\/wp-content\/uploads\/2025\/09\/C-Marca-Reg-transpa-300x129.png 300w, https:\/\/destino-maktub.net\/Radio\/wp-content\/uploads\/2025\/09\/C-Marca-Reg-transpa-768x331.png 768w, https:\/\/destino-maktub.net\/Radio\/wp-content\/uploads\/2025\/09\/C-Marca-Reg-transpa.png 843w\" sizes=\"auto, (max-width: 58px) 100vw, 58px\" \/><\/p>\n<p style=\"text-align: center;\"><strong>El dise\u00f1o de la mascota \u00abDubby\u00bb\u00a0 es de nuestra propiedad.\u00a0<\/strong><\/p>\n<p style=\"text-align: center;\"><em><span style=\"color: #ffcc00;\">Si vas a usarla&#8230; antes p\u00eddenos la autorizaci\u00f3n\u2026 Gracias<\/span><\/em><\/p>\n<p><img loading=\"lazy\" decoding=\"async\" class=\"aligncenter size-medium wp-image-798\" src=\"https:\/\/destino-maktub.net\/Radio\/wp-content\/uploads\/2025\/09\/1-FONDO-GRANATE-CABECERA-WEB-300x18.jpg\" alt=\"\" width=\"300\" height=\"18\" srcset=\"https:\/\/destino-maktub.net\/Radio\/wp-content\/uploads\/2025\/09\/1-FONDO-GRANATE-CABECERA-WEB-300x18.jpg 300w, https:\/\/destino-maktub.net\/Radio\/wp-content\/uploads\/2025\/09\/1-FONDO-GRANATE-CABECERA-WEB-1024x60.jpg 1024w, https:\/\/destino-maktub.net\/Radio\/wp-content\/uploads\/2025\/09\/1-FONDO-GRANATE-CABECERA-WEB-768x45.jpg 768w, https:\/\/destino-maktub.net\/Radio\/wp-content\/uploads\/2025\/09\/1-FONDO-GRANATE-CABECERA-WEB.jpg 1200w\" sizes=\"auto, (max-width: 300px) 100vw, 300px\" \/><\/p>\n<p align=\"center\">Y como no\u2026 os presentamos a \u00abDubby\u00bb nuestra mascota extraterrestre\u2026<br \/>\nQue como todo, tiene su historia, de como llego a nosotros&#8230;<\/p>\n<p style=\"text-align: center;\">Fue ya hace a\u00f1os\u2026 que apareci\u00f3 en nuestro tejado de la casa.<\/p>\n<p align=\"center\">Dicharachero, divertido e inquieto, lo adoptamos,<\/p>\n<p align=\"center\">lo cuidamos y tratamos de ense\u00f1arle modales\u2026 (poco a poco fue adapt\u00e1ndose).<\/p>\n<p align=\"center\">Aprendi\u00f3 muy r\u00e1pido el lenguaje t\u00edpico y coloquial\u2026 como suele pasar,<\/p>\n<p align=\"center\">pero se corrige bien, cuando le advertimos\u2026<\/p>\n<p align=\"center\">Pronto empez\u00f3 a formar parte de nuestra familia y de la Radio.<\/p>\n<p align=\"center\">Tiene unos programas muy interesantes compartidos con Juli\u00e1n,<\/p>\n<p align=\"center\">\u00a1por cierto los dos juntos son terribles!!<\/p>\n<p align=\"center\">Pero lo bueno que tienen es que siempre nos sacan una sonrisa y\u2026<\/p>\n<p align=\"center\">Nos ense\u00f1an muchas cosas de esas que nadie busca y ni conoce.<br \/>\nPero como se suele decir por aqu\u00ed\u2026 \u00abPara\u2026 Muestra un Bot\u00f3n\u00bb.<\/p>\n<p align=\"center\">Os vamos a dejar aqu\u00ed uno de sus programas m\u00e1s solicitados,<\/p>\n<p align=\"center\">esperamos que os gusten y que disfrut\u00e9is con ellos.<\/p>\n<p align=\"center\">Ya os iremos contando m\u00e1s cosas de \u00e9l\u2026<\/p>\n<p align=\"center\">De momento esta peque\u00f1a presentaci\u00f3n.<\/p>\n<p align=\"center\">Y en cuanto vuelvan estos dos caballeros a ponerse en serio de nuevo y<\/p>\n<p align=\"center\">se deciden a hacer nuevos programas&#8230;<\/p>\n<p align=\"center\">Podr\u00e9is disfrutar de sus Directos y ense\u00f1anzas\u2026<\/p>\n<p align=\"center\">Un cordial saludo\u2026<\/p>\n<ul>\n<li>(<em>Aclaramos\u2026 este programa tiene ya muchos a\u00f1os\u2026<\/em><\/li>\n<\/ul>\n<p><center>\u00a0<iframe loading=\"lazy\" src=\"https:\/\/w.soundcloud.com\/player\/?url=https%3A\/\/api.soundcloud.com\/tracks\/2159268312&amp;color=%23b4291d&amp;auto_play=false&amp;hide_related=false&amp;show_comments=true&amp;show_user=true&amp;show_reposts=false&amp;show_teaser=true\" width=\"100%\" height=\"166\" frameborder=\"no\" scrolling=\"no\"><\/iframe><\/center><\/p>\n<div style=\"font-size: 10px; color: #cccccc; line-break: anywhere; word-break: normal; overflow: hidden; white-space: nowrap; text-overflow: ellipsis; font-family: Interstate, Lucida Grande, Lucida Sans Unicode, Lucida Sans, Garuda, Verdana, Tahoma, sans-serif; font-weight: 100; text-align: center;\"><a style=\"color: #cccccc; text-decoration: none;\" title=\"Emisiones de Radio Maktub NJ\" href=\"https:\/\/soundcloud.com\/emisoraradiomaktub\" target=\"_blank\" rel=\"noopener\">Emisiones de Radio Maktub NJ<\/a> \u00b7 <a style=\"color: #cccccc; text-decoration: none;\" title=\"1 - Dubby y Hamilton NakiB\" href=\"https:\/\/soundcloud.com\/emisoraradiomaktub\/1-dubby-y-hamilton-nakib\" target=\"_blank\" rel=\"noopener\">1 &#8211; Dubby y Hamilton NakiB<\/a><\/div>\n<p>&nbsp;<\/p>\n<p style=\"text-align: center;\"><span style=\"color: #ffffff;\"><em><span style=\"color: #ffcc00;\">Estos programas pertenecen a \u00abEmisora Radio Maktub NJ\u00bb con todos los derechos, <\/span><\/em><\/span><\/p>\n<p style=\"text-align: center;\"><span style=\"color: #ffcc00;\"><em>al igual que el dise\u00f1o de la mascota \u00abDubby\u00bb que es de nuestra propiedad tambi\u00e9n.\u00a0<\/em><\/span><\/p>\n<p style=\"text-align: center;\"><span style=\"color: #ffcc00;\"><em> Gracias.<\/em><\/span><\/p>\n<p><center><div style=\"width: 400px;\" class=\"wp-video\"><video class=\"wp-video-shortcode\" id=\"video-583-1\" width=\"400\" height=\"400\" preload=\"metadata\" controls=\"controls\"><source type=\"video\/mp4\" src=\"https:\/\/destino-maktub.net\/Radio\/wp-content\/uploads\/2025\/08\/3-jeje-Dubby-solo-2.mp4?_=1\" \/><a href=\"https:\/\/destino-maktub.net\/Radio\/wp-content\/uploads\/2025\/08\/3-jeje-Dubby-solo-2.mp4\">https:\/\/destino-maktub.net\/Radio\/wp-content\/uploads\/2025\/08\/3-jeje-Dubby-solo-2.mp4<\/a><\/video><\/div><\/p>\n<p>&nbsp;<\/p>\n<p>&nbsp;<\/p>\n<p>&nbsp;<\/p>\n<p>&nbsp;<\/p>\n<p>&nbsp;<\/p>\n<p>&nbsp;<\/p>\n<p><\/center>&nbsp;<\/p>\n<p><img loading=\"lazy\" decoding=\"async\" class=\"aligncenter wp-image-343\" src=\"https:\/\/destino-maktub.net\/Radio\/wp-content\/uploads\/2025\/08\/staff-Maktub.png\" alt=\"\" width=\"216\" height=\"62\" srcset=\"https:\/\/destino-maktub.net\/Radio\/wp-content\/uploads\/2025\/08\/staff-Maktub.png 415w, https:\/\/destino-maktub.net\/Radio\/wp-content\/uploads\/2025\/08\/staff-Maktub-300x86.png 300w\" sizes=\"auto, (max-width: 216px) 100vw, 216px\" \/><\/p>\n<p style=\"text-align: center;\">\n<div class=\"pvc_clear\"><\/div>\n<p id=\"pvc_stats_583\" class=\"pvc_stats all  \" data-element-id=\"583\" style=\"\"><i class=\"pvc-stats-icon small\" aria-hidden=\"true\"><svg xmlns=\"http:\/\/www.w3.org\/2000\/svg\" version=\"1.0\" viewBox=\"0 0 502 315\" preserveAspectRatio=\"xMidYMid meet\"><g transform=\"translate(0,332) scale(0.1,-0.1)\" fill=\"\" stroke=\"none\"><path d=\"M2394 3279 l-29 -30 -3 -207 c-2 -182 0 -211 15 -242 39 -76 157 -76 196 0 15 31 17 60 15 243 l-3 209 -33 29 c-26 23 -41 29 -80 29 -41 0 -53 -5 -78 -31z\"\/><path d=\"M3085 3251 c-45 -19 -58 -50 -96 -229 -47 -217 -49 -260 -13 -295 52 -53 146 -42 177 20 16 31 87 366 87 410 0 70 -86 122 -155 94z\"\/><path d=\"M1751 3234 c-13 -9 -29 -31 -37 -50 -12 -29 -10 -49 21 -204 19 -94 39 -189 45 -210 14 -50 54 -80 110 -80 34 0 48 6 76 34 21 21 34 44 34 59 0 14 -18 113 -40 219 -37 178 -43 195 -70 221 -36 32 -101 37 -139 11z\"\/><path d=\"M1163 3073 c-36 -7 -73 -59 -73 -102 0 -56 133 -378 171 -413 34 -32 83 -37 129 -13 70 36 67 87 -16 290 -86 209 -89 214 -129 231 -35 14 -42 15 -82 7z\"\/><path d=\"M3689 3066 c-15 -9 -33 -30 -42 -48 -48 -103 -147 -355 -147 -375 0 -98 131 -148 192 -74 13 15 57 108 97 206 80 196 84 226 37 273 -30 30 -99 39 -137 18z\"\/><path d=\"M583 2784 c-38 -19 -67 -74 -58 -113 9 -42 211 -354 242 -373 16 -10 45 -18 66 -18 51 0 107 52 107 100 0 39 -1 41 -124 234 -80 126 -108 162 -133 173 -41 17 -61 16 -100 -3z\"\/><path d=\"M4250 2784 c-14 -9 -74 -91 -133 -183 -95 -150 -107 -173 -107 -213 0 -55 33 -94 87 -104 67 -13 90 8 211 198 130 202 137 225 78 284 -27 27 -42 34 -72 34 -22 0 -50 -8 -64 -16z\"\/><path d=\"M2275 2693 c-553 -48 -1095 -270 -1585 -649 -135 -104 -459 -423 -483 -476 -23 -49 -22 -139 2 -186 73 -142 361 -457 571 -626 285 -228 642 -407 990 -497 242 -63 336 -73 660 -74 310 0 370 5 595 52 535 111 1045 392 1455 803 122 121 250 273 275 326 19 41 19 137 0 174 -41 79 -309 363 -465 492 -447 370 -946 591 -1479 653 -113 14 -422 18 -536 8z m395 -428 c171 -34 330 -124 456 -258 112 -119 167 -219 211 -378 27 -96 24 -300 -5 -401 -72 -255 -236 -447 -474 -557 -132 -62 -201 -76 -368 -76 -167 0 -236 14 -368 76 -213 98 -373 271 -451 485 -162 444 86 934 547 1084 153 49 292 57 452 25z m909 -232 c222 -123 408 -262 593 -441 76 -74 138 -139 138 -144 0 -16 -233 -242 -330 -319 -155 -123 -309 -223 -461 -299 l-81 -41 32 46 c18 26 49 83 70 128 143 306 141 649 -6 957 -25 52 -61 116 -79 142 l-34 47 45 -20 c26 -10 76 -36 113 -56z m-2057 25 c-40 -58 -105 -190 -130 -263 -110 -324 -59 -707 132 -981 25 -35 42 -64 37 -64 -19 0 -241 119 -326 174 -188 122 -406 314 -532 468 l-58 71 108 103 c185 178 428 349 672 473 66 33 121 60 123 61 2 0 -10 -19 -26 -42z\"\/><path d=\"M2375 1950 c-198 -44 -350 -190 -395 -379 -18 -76 -8 -221 19 -290 114 -284 457 -406 731 -260 98 52 188 154 231 260 27 69 37 214 19 290 -38 163 -166 304 -326 360 -67 23 -215 33 -279 19z\"\/><\/g><\/svg><\/i> <img loading=\"lazy\" decoding=\"async\" width=\"16\" height=\"16\" alt=\"Loading\" src=\"https:\/\/destino-maktub.net\/Radio\/wp-content\/plugins\/page-views-count\/ajax-loader-2x.gif\" border=0 \/><\/p>\n<div class=\"pvc_clear\"><\/div>\n","protected":false},"excerpt":{"rendered":"<p>World Clock El dise\u00f1o de la mascota \u00abDubby\u00bb\u00a0 es de nuestra propiedad.\u00a0 Si vas a usarla&#8230; antes p\u00eddenos la autorizaci\u00f3n\u2026 Gracias Y como no\u2026 os presentamos a \u00abDubby\u00bb nuestra mascota extraterrestre\u2026 Que como todo, tiene su historia, de como llego a nosotros&#8230; Fue ya hace a\u00f1os\u2026 que apareci\u00f3 en nuestro tejado de la casa. Dicharachero, [&hellip;]<\/p>\n<div class=\"pvc_clear\"><\/div>\n<p id=\"pvc_stats_583\" class=\"pvc_stats all  \" data-element-id=\"583\" style=\"\"><i class=\"pvc-stats-icon small\" aria-hidden=\"true\"><svg xmlns=\"http:\/\/www.w3.org\/2000\/svg\" version=\"1.0\" viewBox=\"0 0 502 315\" preserveAspectRatio=\"xMidYMid meet\"><g transform=\"translate(0,332) scale(0.1,-0.1)\" fill=\"\" stroke=\"none\"><path d=\"M2394 3279 l-29 -30 -3 -207 c-2 -182 0 -211 15 -242 39 -76 157 -76 196 0 15 31 17 60 15 243 l-3 209 -33 29 c-26 23 -41 29 -80 29 -41 0 -53 -5 -78 -31z\"\/><path d=\"M3085 3251 c-45 -19 -58 -50 -96 -229 -47 -217 -49 -260 -13 -295 52 -53 146 -42 177 20 16 31 87 366 87 410 0 70 -86 122 -155 94z\"\/><path d=\"M1751 3234 c-13 -9 -29 -31 -37 -50 -12 -29 -10 -49 21 -204 19 -94 39 -189 45 -210 14 -50 54 -80 110 -80 34 0 48 6 76 34 21 21 34 44 34 59 0 14 -18 113 -40 219 -37 178 -43 195 -70 221 -36 32 -101 37 -139 11z\"\/><path d=\"M1163 3073 c-36 -7 -73 -59 -73 -102 0 -56 133 -378 171 -413 34 -32 83 -37 129 -13 70 36 67 87 -16 290 -86 209 -89 214 -129 231 -35 14 -42 15 -82 7z\"\/><path d=\"M3689 3066 c-15 -9 -33 -30 -42 -48 -48 -103 -147 -355 -147 -375 0 -98 131 -148 192 -74 13 15 57 108 97 206 80 196 84 226 37 273 -30 30 -99 39 -137 18z\"\/><path d=\"M583 2784 c-38 -19 -67 -74 -58 -113 9 -42 211 -354 242 -373 16 -10 45 -18 66 -18 51 0 107 52 107 100 0 39 -1 41 -124 234 -80 126 -108 162 -133 173 -41 17 -61 16 -100 -3z\"\/><path d=\"M4250 2784 c-14 -9 -74 -91 -133 -183 -95 -150 -107 -173 -107 -213 0 -55 33 -94 87 -104 67 -13 90 8 211 198 130 202 137 225 78 284 -27 27 -42 34 -72 34 -22 0 -50 -8 -64 -16z\"\/><path d=\"M2275 2693 c-553 -48 -1095 -270 -1585 -649 -135 -104 -459 -423 -483 -476 -23 -49 -22 -139 2 -186 73 -142 361 -457 571 -626 285 -228 642 -407 990 -497 242 -63 336 -73 660 -74 310 0 370 5 595 52 535 111 1045 392 1455 803 122 121 250 273 275 326 19 41 19 137 0 174 -41 79 -309 363 -465 492 -447 370 -946 591 -1479 653 -113 14 -422 18 -536 8z m395 -428 c171 -34 330 -124 456 -258 112 -119 167 -219 211 -378 27 -96 24 -300 -5 -401 -72 -255 -236 -447 -474 -557 -132 -62 -201 -76 -368 -76 -167 0 -236 14 -368 76 -213 98 -373 271 -451 485 -162 444 86 934 547 1084 153 49 292 57 452 25z m909 -232 c222 -123 408 -262 593 -441 76 -74 138 -139 138 -144 0 -16 -233 -242 -330 -319 -155 -123 -309 -223 -461 -299 l-81 -41 32 46 c18 26 49 83 70 128 143 306 141 649 -6 957 -25 52 -61 116 -79 142 l-34 47 45 -20 c26 -10 76 -36 113 -56z m-2057 25 c-40 -58 -105 -190 -130 -263 -110 -324 -59 -707 132 -981 25 -35 42 -64 37 -64 -19 0 -241 119 -326 174 -188 122 -406 314 -532 468 l-58 71 108 103 c185 178 428 349 672 473 66 33 121 60 123 61 2 0 -10 -19 -26 -42z\"\/><path d=\"M2375 1950 c-198 -44 -350 -190 -395 -379 -18 -76 -8 -221 19 -290 114 -284 457 -406 731 -260 98 52 188 154 231 260 27 69 37 214 19 290 -38 163 -166 304 -326 360 -67 23 -215 33 -279 19z\"\/><\/g><\/svg><\/i> <img loading=\"lazy\" decoding=\"async\" width=\"16\" height=\"16\" alt=\"Loading\" src=\"https:\/\/destino-maktub.net\/Radio\/wp-content\/plugins\/page-views-count\/ajax-loader-2x.gif\" border=0 \/><\/p>\n<div class=\"pvc_clear\"><\/div>\n","protected":false},"author":2,"featured_media":0,"parent":0,"menu_order":0,"comment_status":"closed","ping_status":"closed","template":"","meta":{"footnotes":""},"class_list":["post-583","page","type-page","status-publish","hentry"],"a3_pvc":{"activated":true,"total_views":55,"today_views":0},"_links":{"self":[{"href":"https:\/\/destino-maktub.net\/Radio\/wp-json\/wp\/v2\/pages\/583","targetHints":{"allow":["GET"]}}],"collection":[{"href":"https:\/\/destino-maktub.net\/Radio\/wp-json\/wp\/v2\/pages"}],"about":[{"href":"https:\/\/destino-maktub.net\/Radio\/wp-json\/wp\/v2\/types\/page"}],"author":[{"embeddable":true,"href":"https:\/\/destino-maktub.net\/Radio\/wp-json\/wp\/v2\/users\/2"}],"replies":[{"embeddable":true,"href":"https:\/\/destino-maktub.net\/Radio\/wp-json\/wp\/v2\/comments?post=583"}],"version-history":[{"count":25,"href":"https:\/\/destino-maktub.net\/Radio\/wp-json\/wp\/v2\/pages\/583\/revisions"}],"predecessor-version":[{"id":799,"href":"https:\/\/destino-maktub.net\/Radio\/wp-json\/wp\/v2\/pages\/583\/revisions\/799"}],"wp:attachment":[{"href":"https:\/\/destino-maktub.net\/Radio\/wp-json\/wp\/v2\/media?parent=583"}],"curies":[{"name":"wp","href":"https:\/\/api.w.org\/{rel}","templated":true}]}}